nvert 223033 (base 4) to base 10.
2767
What is 223204 (base 6) in base 13?
8785
1732 (base 11) to base 14
b41
Convert 3388 (base 12) to base 11.
4330
Convert 1001010011 (base 2) to base 11.
4a1
3388 (base 14) to base 11
6798
Convert -26033 (base 8) to base 4.
-2300123
What is 51f9 (base 16) in base 2?
101000111111001
Convert -4131333 (base 5) to base 7.
-401300
50010 (base 7) to base 11
9030
What is -1000110010 (base 2) in base 13?
-343
What is -1958 (base 12) in base 8?
-6024
Convert -1e22 (base 16) to base 2.
-1111000100010
Convert -653 (base 9) to base 2.
-1000010110
What is 120210 (base 5) in base 10?
4430
What is -220221100 (base 3) in base 8?
-43404
What is -290 (base 10) in base 3?
-101202
Convert 200111002 (base 3) to base 7.
54200
-3cb4 (base 14) to base 5
-320432
Convert 344b (base 13) to base 3.
101001111
2101020 (base 4) to base 3
110202000
-10111101100010 (base 2) to base 6
-132054
Convert -25a (base 14) to base 7.
-1243
Convert -319 (base 12) to base 7.
-1215
60311 (base 7) to base 9
21868
Convert 370 (base 11) to base 7.
1166
Convert -582b (base 12) to base 11.
-7424
What is 190 (base 11) in base 2?
11011100
What is -532 (base 7) in base 13?
-178
What is 14a3 (base 11) in base 12?
1148
Convert -21424 (base 5) to base 11.
-1134
What is 25126 (base 8) in base 2?
10101001010110
What is -2f (base 16) in base 6?
-115
Convert -11010010 (base 2) to base 4.
-3102
What is 1854 (base 11) in base 2?
100100110110
What is 22551 (base 9) in base 3?
202121201
What is 13bc2 (base 14) in base 10?
48974
Convert 78002 (base 9) to base 13.
1a738
Convert 6b5 (base 16) to base 12.
bb1
What is 2131132 (base 4) in base 12?
59ba
-133 (base 15) to base 3
-101010
-553 (base 10) to base 14
-2b7
Convert -62521 (base 8) to base 14.
-9649
What is 100220202 (base 3) in base 4?
1300331
-1458 (base 10) to base 5
-21313
Convert 10541 (base 8) to base 14.
189b
What is -404301 (base 6) in base 3?
-1122000001
Convert 68625 (base 9) to base 7.
250154
What is 1040b (base 12) in base 4?
11031023
Convert -6866 (base 16) to base 11.
-19097
What is -1627 (base 8) in base 12?
-647
Convert 223202 (base 5) to base 9.
11777
What is -14072 (base 9) in base 15?
-2c62
Convert 34212 (base 5) to base 11.
1911
What is 222 (base 4) in base 7?
60
-110101001101 (base 2) to base 11
-2616
12a1 (base 12) to base 2
100001011001
12010202 (base 4) to base 10
24866
Convert 3a (base 14) to base 10.
52
Convert 4882 (base 11) to base 10.
6382
-668 (base 12) to base 2
-1110110000
-2047c (base 13) to base 4
-32020231
-1211 (base 6) to base 3
-101221
Convert 200120 (base 3) to base 7.
1314
Convert -213 (base 4) to base 6.
-103
What is -1 (base 9) in base 4?
-1
What is 58 (base 14) in base 4?
1032
Convert 1210304 (base 5) to base 9.
33867
What is 11511 (base 6) in base 7?
4645
Convert -3591 (base 15) to base 13.
-524b
343523 (base 6) to base 2
111001010101011
-110001110 (base 3) to base 15
-290c
What is 1523 (base 9) in base 6?
5203
What is -31143 (base 7) in base 5?
-221001
Convert 17 (base 15) to base 13.
19
Convert c396 (base 13) to base 3.
1101000210
What is f52c (base 16) in base 13?
22750
What is 110103 (base 4) in base 5?
20144
Convert 782 (base 10) to base 5.
11112
What is 320 (base 11) in base 3?
112021
-205 (base 14) to base 5
-3042
-222 (base 4) to base 8
-52
-5056 (base 9) to base 14
-14c0
Convert 17910 (base 10) to base 6.
214530
23132 (base 6) to base 7
12416
Convert 111202 (base 4) to base 13.
820
-6153 (base 15) to base 16
-5049
Convert -571 (base 11) to base 12.
-48b
1022120012 (base 3) to base 8
62505
52345 (base 8) to base 15
668d
-1203141 (base 5) to base 8
-53430
Convert 20001 (base 4) to base 7.
1332
What is -23b6b (base 12) in base 11?
-33340
-20677 (base 8) to base 4
-2012333
Convert 3048 (base 9) to base 13.
1028
Convert -18433 (base 13) to base 3.
-2101021101
What is -4626 (base 13) in base 14?
-3826
What is -70a (base 13) in base 16?
-4a9
What is 200020 (base 3) in base 4?
13230
Convert -201021 (base 3) to base 16.
-208
What is 58 (base 11) in base 4?
333
What is 4482 (base 16) in base 5?
1030123
166520 (base 7) to base 9
50885
Convert 102437 (base 9) to base 8.
166701
-982 (base 11) to base 12
-823
Convert 774b (base 12) to base 10.
13163
What is 429 (base 13) in base 6?
3143
1043 (base 7) to base 9
455
727 (base 11) to base 15
3d6
-552 (base 8) to base 16
-16a
What is 5251 (base 8) in base 5?
41404
Convert 51b (base 14) to base 15.
470
What is 10111000100 (base 2) in base 15?
686
-29ee (base 15) to base 12
-525b
Convert -573 (base 13) to base 6.
-4203
-69c3 (base 13) to base 5
-433422
What is 95 (base 11) in base 10?
104
What is 4001 (base 7) in base 8?
2535
fd (base 16) to base 6
1101
What is 1001111001 (base 2) in base 3?
212110
Convert -656 (base 12) to base 6.
-4150
What is 562 (base 7) in base 16?
121
Convert -462 (base 11) to base 14.
-2b6
What is -1300 (base 4) in base 2?
-1110000
9a3b (base 12) to base 7
100451
-4221 (base 9) to base 13
-1543
-50131 (base 7) to base 13
-565c
What is -204 (base 5) in base 4?
-312
What is -58b3 (base 14) in base 9?
-23161
Convert -1222200 (base 3) to base 15.
-669
What is -130142 (base 5) in base 7?
-20500
-110111102 (base 3) to base 10
-9110
-d7 (base 14) to base 4
-2331
Convert 627 (base 14) to base 2.
10010111011
What is -2442 (base 6) in base 14?
-310
Convert -5131 (base 11) to base 15.
-2040
What is 532 (base 7) in base 5?
2033
-104402 (base 7) to base 16
-47c9
What is -108 (base 13) in base 6?
-453
-10010010011111 (base 2) to base 10
-9375
2041 (base 11) to base 2
101010010011
What is -1010000110101 (base 2) in base 15?
-17ed
What is 2df0 (base 16) in base 9?
17116
What is -13b82 (base 12) in base 7?
-143321
-31a3 (base 12) to base 5
-133301
Convert -3143341 (base 5) to base 9.
-80586
Convert 2450 (base 6) to base 11.
501
Convert e8f (base 16) to base 5.
104402
34722 (base 9) to base 15
6d0b
Convert 897 (base 16) to base 4.
202113
Convert 11011101100 (base 2) to base 10.
1772
What is 213 (base 14) in base 15?
1c4
-2267 (base 8) to base 10
-1207
131202 (base 4) to base 9
2530
Convert 1591 (base 10) to base 8.
3067
What is 183 (base 16) in base 4?
12003
-343 (base 10) to base 6
-1331
What is -6151 (base 11) in base 5?
-230123
What is -5c (base 13) in base 10?
-77
422 (base 13) to base 12
4a8
Convert 70a (base 11) to base 3.
1011202
-1000111101111 (base 2) to base 3
-20022001
Convert -2ecd (base 16) to base 8.
-27315
What is -62720 (base 8) in base 7?
-135663
-4432 (base 7) to base 16
-637
1411 (base 10) to base 6
10311
18463 (base 10) to base 15
570d
-2634 (base 8) to base 10
-1436
Convert 28581 (base 9) to base 8.
45750
1055 (base 6) to base 9
308
20143 (base 5) to base 8
2422
1010 (base 12) to base 6
12020
Convert 22022 (base 4) to base 9.
802
462 (base 10) to base 12
326
Convert -1104 (base 5) to base 12.
-10a
Convert -40046 (base 10) to base 4.
-21301232
Convert 10010010101 (base 2) to base 13.
6c3
7918 (base 10) to base 9
11767
What is 100000000011110 (base 2) in base 3?
211111221
Convert -1001010110 (base 2) to base 5.
-4343
15637 (base 8) to base 9
10626
Convert -5353 (base 7) to base 16.
-76c
2932 (base 13) to base 9
8147
-221101 (base 3) to base 15
-30a
-2222212 (base 3) to base 6
-14035
Convert -12350 (base 7) to base 13.
-1646
-110100000111000 (base 2) to base 16
-6838
Convert -63 (base 8) to base 9.
-56
-3522 (base 8) to base 10
-1874
-5ad (base 14) to base 6
-5125
-651 (base 13) to base 2
-10000111000
What is 7e5 (base 16) in base 15?
8eb
27b6 (base 12) to base 8
10772
Convert -53bc (base 15) to base 4.
-10110333
-2023132 (base 4) to base 16
-22de
Convert -29b (base 15) to base 14.
-308
What is -100021 (base 3) in base 4?
-3322
10222011 (base 3) to base 11
21a0
What is 20121022 (base 3) in base 9?
6538
What is -4289 (base 10) in base 3?
-12212212
53 (base 11) to base 8
72
Convert ba0 (base 16) to base 9.
4066
261a (base 11) to base 6
23441
What is 1110010100111 (base 2) in base 4?
1302213
What is 101122112 (base 3) in base 6?
55535
Convert -203162 (base 7) to base 9.
-52575
What is -66b (base 12) in base 9?
-1262
What is -3258 (base 10) in base 6?
-23030
What is 707 (base 9) in base 4?
20332
Convert -3000 (base 5) to base 3.
-111220
What is 2454 (base 14) in base 10?
6346
Convert -3e9 (base 15) to base 3.
-10